{"id":91,"date":"2017-11-29T12:00:00","date_gmt":"2017-11-29T11:00:00","guid":{"rendered":"http:\/\/locus-wycena.pl\/?page_id=91"},"modified":"2018-05-08T09:42:41","modified_gmt":"2018-05-08T07:42:41","slug":"terminy-i-ceny","status":"publish","type":"page","link":"https:\/\/locus-wycena.pl\/index.php\/terminy-i-ceny\/","title":{"rendered":"TERMINY I CENY"},"content":{"rendered":"<p>[et_pb_section fb_built=&#8221;1&#8243; admin_label=&#8221;section&#8221; _builder_version=&#8221;3.0.89&#8243; transparent_background=&#8221;off&#8221;][et_pb_row admin_label=&#8221;row&#8221; _builder_version=&#8221;3.0.47&#8243; background_size=&#8221;initial&#8221; background_position=&#8221;top_left&#8221; background_repeat=&#8221;repeat&#8221;][et_pb_column type=&#8221;3_4&#8243; _builder_version=&#8221;3.0.47&#8243; parallax=&#8221;off&#8221; parallax_method=&#8221;on&#8221;][et_pb_text admin_label=&#8221;Text&#8221; _builder_version=&#8221;3.0.47&#8243; background_size=&#8221;initial&#8221; background_position=&#8221;top_left&#8221; background_repeat=&#8221;repeat&#8221; use_border_color=&#8221;off&#8221; border_style=&#8221;solid&#8221;][\/et_pb_text][et_pb_text _builder_version=&#8221;3.0.89&#8243; text_font_size=&#8221;16px&#8221; background_size=&#8221;initial&#8221; background_position=&#8221;top_left&#8221; background_repeat=&#8221;repeat&#8221;]<\/p>\n<p><strong><\/strong>Oferuj\u0119 Pa\u0144stwu us\u0142ugi wyceny nieruchomo\u015bci w konkurencyjnych cenach. Stawki ustalane s\u0105 indywidualnie w oparciu o ceny rynkowe przy uwzgl\u0119dnieniu nast\u0119puj\u0105cych okoliczno\u015bci wp\u0142ywaj\u0105cych na pracoch\u0142onno\u015b\u0107:<\/p>\n<p>&nbsp;<\/p>\n<p>&#8211; rodzaj, liczb\u0119 i nietypowo\u015b\u0107 nieruchomo\u015bci,<\/p>\n<p>&#8211; cel wyceny i przewidywane nast\u0119pstwa z niego wynikaj\u0105ce, jak np. rozprawy s\u0105dowe lub administracyjne,<\/p>\n<p>&#8211; sytuacja prawna,<\/p>\n<p>&#8211; udost\u0119pniona dokumentacja,<\/p>\n<p>&#8211; termin wykonania.<\/p>\n<p>&nbsp;<\/p>\n<p>Koszt us\u0142ugi ustalany jest z Klientem ka\u017cdorazowo po dokonaniu ogl\u0119dzin nieruchomo\u015bci i wyja\u015bnieniu powy\u017cszych uwarunkowa\u0144. Termin wykonania z regu\u0142y mie\u015bci si\u0119 w przedziale 4-5 dni roboczych, jednak zawsze uwzgl\u0119dnia priorytet, jakim jest rzetelno\u015b\u0107 wyceny.<\/p>\n<p>&nbsp;<\/p>\n<p>&nbsp;<\/p>\n<p><strong>Dojazd do Klienta jest BEZP\u0141ATNY &#8211; nawet je\u015bli klient nie zdecyduje si\u0119 na zlecenie wyceny.<\/strong><\/p>\n<p>[\/et_pb_text][\/et_pb_column][et_pb_column type=&#8221;1_4&#8243; _builder_version=&#8221;3.0.47&#8243; parallax=&#8221;off&#8221; parallax_method=&#8221;on&#8221;][et_pb_image src=&#8221;https:\/\/locus-wycena.pl\/wp-content\/uploads\/2017\/11\/Fotolia_75923879_S.jpg&#8221; _builder_version=&#8221;3.0.89&#8243;][\/et_pb_image][et_pb_image src=&#8221;https:\/\/locus-wycena.pl\/wp-content\/uploads\/2017\/11\/Fotolia_73982449_S.jpg&#8221; _builder_version=&#8221;3.0.89&#8243;][\/et_pb_image][et_pb_image src=&#8221;https:\/\/locus-wycena.pl\/wp-content\/uploads\/2017\/11\/Fotolia_71758582_S.jpg&#8221; _builder_version=&#8221;3.0.89&#8243;][\/et_pb_image][\/et_pb_column][\/et_pb_row][et_pb_row _builder_version=&#8221;3.0.47&#8243; background_size=&#8221;initial&#8221; background_position=&#8221;top_left&#8221; background_repeat=&#8221;repeat&#8221;][et_pb_column type=&#8221;4_4&#8243; _builder_version=&#8221;3.0.47&#8243; parallax=&#8221;off&#8221; parallax_method=&#8221;on&#8221;][\/et_pb_column][\/et_pb_row][\/et_pb_section]<\/p>\n","protected":false},"excerpt":{"rendered":"<p>[et_pb_section fb_built=&#8221;1&#8243; admin_label=&#8221;section&#8221; _builder_version=&#8221;3.0.89&#8243; transparent_background=&#8221;off&#8221;][et_pb_row admin_label=&#8221;row&#8221; _builder_version=&#8221;3.0.47&#8243; background_size=&#8221;initial&#8221; background_position=&#8221;top_left&#8221; background_repeat=&#8221;repeat&#8221;][et_pb_column type=&#8221;3_4&#8243; _builder_version=&#8221;3.0.47&#8243; parallax=&#8221;off&#8221; parallax_method=&#8221;on&#8221;][et_pb_text admin_label=&#8221;Text&#8221; _builder_version=&#8221;3.0.47&#8243; background_size=&#8221;initial&#8221; background_position=&#8221;top_left&#8221; background_repeat=&#8221;repeat&#8221; use_border_color=&#8221;off&#8221; border_style=&#8221;solid&#8221;][\/et_pb_text][et_pb_text _builder_version=&#8221;3.0.89&#8243; text_font_size=&#8221;16px&#8221; background_size=&#8221;initial&#8221; background_position=&#8221;top_left&#8221; background_repeat=&#8221;repeat&#8221;] Oferuj\u0119 Pa\u0144stwu us\u0142ugi wyceny nieruchomo\u015bci w konkurencyjnych cenach. Stawki ustalane s\u0105 indywidualnie w oparciu o ceny rynkowe przy uwzgl\u0119dnieniu nast\u0119puj\u0105cych okoliczno\u015bci wp\u0142ywaj\u0105cych na pracoch\u0142onno\u015b\u0107: &nbsp; &#8211; rodzaj, liczb\u0119 i [&hellip;]<\/p>\n","protected":false},"author":1,"featured_media":0,"parent":0,"menu_order":0,"comment_status":"closed","ping_status":"closed","template":"","meta":{"footnotes":""},"_links":{"self":[{"href":"https:\/\/locus-wycena.pl\/index.php\/wp-json\/wp\/v2\/pages\/91"}],"collection":[{"href":"https:\/\/locus-wycena.pl\/index.php\/wp-json\/wp\/v2\/pages"}],"about":[{"href":"https:\/\/locus-wycena.pl\/index.php\/wp-json\/wp\/v2\/types\/page"}],"author":[{"embeddable":true,"href":"https:\/\/locus-wycena.pl\/index.php\/wp-json\/wp\/v2\/users\/1"}],"replies":[{"embeddable":true,"href":"https:\/\/locus-wycena.pl\/index.php\/wp-json\/wp\/v2\/comments?post=91"}],"version-history":[{"count":4,"href":"https:\/\/locus-wycena.pl\/index.php\/wp-json\/wp\/v2\/pages\/91\/revisions"}],"predecessor-version":[{"id":204,"href":"https:\/\/locus-wycena.pl\/index.php\/wp-json\/wp\/v2\/pages\/91\/revisions\/204"}],"wp:attachment":[{"href":"https:\/\/locus-wycena.pl\/index.php\/wp-json\/wp\/v2\/media?parent=91"}],"curies":[{"name":"wp","href":"https:\/\/api.w.org\/{rel}","templated":true}]}}