{"id":83,"date":"2017-11-29T11:57:17","date_gmt":"2017-11-29T10:57:17","guid":{"rendered":"http:\/\/locus-wycena.pl\/?page_id=83"},"modified":"2018-05-08T09:27:51","modified_gmt":"2018-05-08T07:27:51","slug":"oferta","status":"publish","type":"page","link":"https:\/\/locus-wycena.pl\/index.php\/oferta\/","title":{"rendered":"OFERTA"},"content":{"rendered":"<p>[et_pb_section fb_built=&#8221;1&#8243; admin_label=&#8221;section&#8221; _builder_version=&#8221;3.0.47&#8243; transparent_background=&#8221;off&#8221;][et_pb_row admin_label=&#8221;row&#8221; _builder_version=&#8221;3.0.47&#8243; background_size=&#8221;initial&#8221; background_position=&#8221;top_left&#8221; background_repeat=&#8221;repeat&#8221;][et_pb_column type=&#8221;4_4&#8243; _builder_version=&#8221;3.0.47&#8243; parallax=&#8221;off&#8221; parallax_method=&#8221;on&#8221;][et_pb_text admin_label=&#8221;Text&#8221; _builder_version=&#8221;3.0.47&#8243; background_size=&#8221;initial&#8221; background_position=&#8221;top_left&#8221; background_repeat=&#8221;repeat&#8221; use_border_color=&#8221;off&#8221; border_style=&#8221;solid&#8221;][\/et_pb_text][\/et_pb_column][\/et_pb_row][et_pb_row _builder_version=&#8221;3.0.47&#8243; background_size=&#8221;initial&#8221; background_position=&#8221;top_left&#8221; background_repeat=&#8221;repeat&#8221;][et_pb_column type=&#8221;2_3&#8243; _builder_version=&#8221;3.0.47&#8243; parallax=&#8221;off&#8221; parallax_method=&#8221;on&#8221;][et_pb_text _builder_version=&#8221;3.0.47&#8243; background_size=&#8221;initial&#8221; background_position=&#8221;top_left&#8221; background_repeat=&#8221;repeat&#8221;]<\/p>\n<p><strong>Wyceniam w szczeg\u00f3lno\u015bci nast\u0119puj\u0105ce nieruchomo\u015bci:<\/strong><\/p>\n<p>&nbsp;<\/p>\n<ul>\n<li>nieruchomo\u015bci mieszkalne (domy, lokale mieszkalne)<\/li>\n<li>dzia\u0142ki niezabudowane (rolne, le\u015bne, budowlane)<\/li>\n<li>gospodarstwa rolne<\/li>\n<li>nieruchomo\u015bci handlowo-us\u0142ugowe (sklepy, obiekty mieszkalno-us\u0142ugowe)<\/li>\n<li>obiekty magazynowe i produkcyjne<\/li>\n<li>hotele, pensjonaty, obiekty agroturystyczne<\/li>\n<li>obiekty w trakcie budowy, remontu i przeznaczone do rozbi\u00f3rki<\/li>\n<li>drogi<\/li>\n<li>s\u0142u\u017cebno\u015b\u0107 przesy\u0142u: gazoci\u0105gi, wodoci\u0105gi, sieci energetyczne i inne<\/li>\n<\/ul>\n<p>&nbsp;<\/p>\n<p><strong>Wykonuj\u0119 operaty szacunkowe mi\u0119dzy innymi dla nast\u0119puj\u0105cych cel\u00f3w:<\/strong><\/p>\n<p>&nbsp;<\/p>\n<ul>\n<li>ustalenia ceny sprzeda\u017cy\/zakupu \u2013 warto\u015bci rynkowej<\/li>\n<li>zabezpieczenia wierzytelno\u015bci (np. kredytu bankowego)<\/li>\n<li>ustalenia wysoko\u015bci odszkodowania<\/li>\n<li>aktualizacji op\u0142at z tytu\u0142u u\u017cytkowania wieczystego<\/li>\n<li>ustalenia op\u0142at adiacenckich<\/li>\n<li>ustalenia op\u0142at z tytu\u0142u trwa\u0142ego zarz\u0105du<\/li>\n<li>okre\u015blenia warto\u015bci nak\u0142ad\u00f3w poniesionych na nieruchomo\u015bci<\/li>\n<li>ubezpieczeniowych i podatkowych<\/li>\n<li>podzia\u0142u maj\u0105tku<\/li>\n<\/ul>\n<p>&nbsp;<\/p>\n<p><strong>Ponadto sporz\u0105dzam opracowania dotycz\u0105ce mi\u0119dzy innymi:<\/strong><\/p>\n<p>&nbsp;<\/p>\n<ul>\n<li>efektywno\u015bci inwestowania w nieruchomo\u015bci i ich rozwoju<\/li>\n<li>oznaczania przedmiotu odr\u0119bnej w\u0142asno\u015bci lokali<\/li>\n<li>okre\u015blania warto\u015bci nieruchomo\u015bci na potrzeby indywidualnego inwestora<\/li>\n<li>ustalania stanu prawnego nieruchomo\u015bci, w tym historycznego stanu prawnego np. na podstawie dokument\u00f3w geodezyjnych i ksi\u0105g wieczystych z okresu PRL i katastru pruskiego<\/li>\n<\/ul>\n<p>[\/et_pb_text][\/et_pb_column][et_pb_column type=&#8221;1_3&#8243; _builder_version=&#8221;3.0.47&#8243; parallax=&#8221;off&#8221; parallax_method=&#8221;on&#8221;][et_pb_gallery gallery_ids=&#8221;84,85,86,87,88,89&#8243; gallery_orderby=&#8221;rand&#8221; posts_number=&#8221;3&#8243; show_title_and_caption=&#8221;off&#8221; show_pagination=&#8221;off&#8221; _builder_version=&#8221;3.0.47&#8243;][\/et_pb_gallery][\/et_pb_column][\/et_pb_row][\/et_pb_section]<\/p>\n","protected":false},"excerpt":{"rendered":"<p>[et_pb_section fb_built=&#8221;1&#8243; admin_label=&#8221;section&#8221; _builder_version=&#8221;3.0.47&#8243; transparent_background=&#8221;off&#8221;][et_pb_row admin_label=&#8221;row&#8221; _builder_version=&#8221;3.0.47&#8243; background_size=&#8221;initial&#8221; background_position=&#8221;top_left&#8221; background_repeat=&#8221;repeat&#8221;][et_pb_column type=&#8221;4_4&#8243; _builder_version=&#8221;3.0.47&#8243; parallax=&#8221;off&#8221; parallax_method=&#8221;on&#8221;][et_pb_text admin_label=&#8221;Text&#8221; _builder_version=&#8221;3.0.47&#8243; background_size=&#8221;initial&#8221; background_position=&#8221;top_left&#8221; background_repeat=&#8221;repeat&#8221; use_border_color=&#8221;off&#8221; border_style=&#8221;solid&#8221;][\/et_pb_text][\/et_pb_column][\/et_pb_row][et_pb_row _builder_version=&#8221;3.0.47&#8243; background_size=&#8221;initial&#8221; background_position=&#8221;top_left&#8221; background_repeat=&#8221;repeat&#8221;][et_pb_column type=&#8221;2_3&#8243; _builder_version=&#8221;3.0.47&#8243; parallax=&#8221;off&#8221; parallax_method=&#8221;on&#8221;][et_pb_text _builder_version=&#8221;3.0.47&#8243; background_size=&#8221;initial&#8221; background_position=&#8221;top_left&#8221; background_repeat=&#8221;repeat&#8221;] Wyceniam w szczeg\u00f3lno\u015bci nast\u0119puj\u0105ce nieruchomo\u015bci: &nbsp; nieruchomo\u015bci mieszkalne (domy, lokale mieszkalne) dzia\u0142ki niezabudowane (rolne, le\u015bne, budowlane) gospodarstwa rolne nieruchomo\u015bci handlowo-us\u0142ugowe (sklepy, obiekty [&hellip;]<\/p>\n","protected":false},"author":1,"featured_media":0,"parent":0,"menu_order":0,"comment_status":"closed","ping_status":"closed","template":"","meta":{"footnotes":""},"_links":{"self":[{"href":"https:\/\/locus-wycena.pl\/index.php\/wp-json\/wp\/v2\/pages\/83"}],"collection":[{"href":"https:\/\/locus-wycena.pl\/index.php\/wp-json\/wp\/v2\/pages"}],"about":[{"href":"https:\/\/locus-wycena.pl\/index.php\/wp-json\/wp\/v2\/types\/page"}],"author":[{"embeddable":true,"href":"https:\/\/locus-wycena.pl\/index.php\/wp-json\/wp\/v2\/users\/1"}],"replies":[{"embeddable":true,"href":"https:\/\/locus-wycena.pl\/index.php\/wp-json\/wp\/v2\/comments?post=83"}],"version-history":[{"count":3,"href":"https:\/\/locus-wycena.pl\/index.php\/wp-json\/wp\/v2\/pages\/83\/revisions"}],"predecessor-version":[{"id":202,"href":"https:\/\/locus-wycena.pl\/index.php\/wp-json\/wp\/v2\/pages\/83\/revisions\/202"}],"wp:attachment":[{"href":"https:\/\/locus-wycena.pl\/index.php\/wp-json\/wp\/v2\/media?parent=83"}],"curies":[{"name":"wp","href":"https:\/\/api.w.org\/{rel}","templated":true}]}}