{"id":80,"date":"2017-11-29T11:56:12","date_gmt":"2017-11-29T10:56:12","guid":{"rendered":"http:\/\/locus-wycena.pl\/?page_id=80"},"modified":"2024-10-29T14:42:56","modified_gmt":"2024-10-29T13:42:56","slug":"o-mnie","status":"publish","type":"page","link":"https:\/\/locus-wycena.pl\/index.php\/o-mnie\/","title":{"rendered":"O MNIE"},"content":{"rendered":"<p>[et_pb_section fb_built=&#8221;1&#8243; admin_label=&#8221;section&#8221; _builder_version=&#8221;3.0.47&#8243; transparent_background=&#8221;off&#8221;][et_pb_row _builder_version=&#8221;3.0.47&#8243; background_size=&#8221;initial&#8221; background_position=&#8221;top_left&#8221; background_repeat=&#8221;repeat&#8221;][et_pb_column type=&#8221;4_4&#8243; _builder_version=&#8221;3.0.47&#8243; parallax=&#8221;off&#8221; parallax_method=&#8221;on&#8221;][\/et_pb_column][\/et_pb_row][et_pb_row admin_label=&#8221;row&#8221; _builder_version=&#8221;3.0.47&#8243; background_size=&#8221;initial&#8221; background_position=&#8221;top_left&#8221; background_repeat=&#8221;repeat&#8221;][et_pb_column type=&#8221;2_3&#8243; _builder_version=&#8221;3.0.47&#8243; parallax=&#8221;off&#8221; parallax_method=&#8221;on&#8221;][et_pb_text admin_label=&#8221;Tekst&#8221; _builder_version=&#8221;3.0.47&#8243; text_font_size=&#8221;16px&#8221; background_size=&#8221;initial&#8221; background_position=&#8221;top_left&#8221; background_repeat=&#8221;repeat&#8221; use_border_color=&#8221;off&#8221; border_style=&#8221;solid&#8221;]<\/p>\n<p><strong>Wykszta\u0142cenie:<\/strong><\/p>\n<p style=\"text-align: justify;\">Jestem absolwentem Wydzia\u0142u Prawa i Administracji Uniwersytetu im. A. Mickiewicza w Poznaniu. Uko\u0144czy\u0142em studia podyplomowe oraz praktyk\u0119 z zakresu wyceny nieruchomo\u015bci, a w 2014 roku naby\u0142em uprawnienia zawodowe rzeczoznawcy maj\u0105tkowego nr 6133 nadane przez Ministra Infrastruktury i Rozwoju.<\/p>\n<p><strong>Do\u015bwiadczenie:<\/strong><\/p>\n<p style=\"text-align: justify;\">Jestem cz\u0142onkiem Stowarzyszenia Rzeczoznawc\u00f3w Maj\u0105tkowych w Bydgoszczy nale\u017c\u0105cego do Polskiej Federacji Stowarzysze\u0144 Rzeczoznawc\u00f3w Maj\u0105tkowych. W Stowarzyszeniu pe\u0142ni\u0119 funkcje Wiceprezesa i Koordynatora Komisji Opiniuj\u0105cej.<\/p>\n<p style=\"text-align: justify;\">Moja dotychczasowa dzia\u0142alno\u015b\u0107 zaowocowa\u0142a wykonywaniem operat\u00f3w szacunkowych i opinii m.in. do cel\u00f3w: kredytowych, indywidualnych potrzeb inwestora, czy te\u017c rekompensat za tzw. &#8222;mienie zabu\u017ca\u0144skie&#8221;. Posiadam r\u00f3wnie\u017c wieloletnie do\u015bwiadczenie nabyte podczas pracy w samorz\u0105dzie terytorialnym w przedmiocie nabywania, zbywania i regulowania stan\u00f3w prawnych nieruchomo\u015bci oraz uczestnictwa w post\u0119powaniach administracyjnych i s\u0105dowych dotycz\u0105cych nieruchomo\u015bci, takich jak: wyw\u0142aszczenia, odszkodowania, ustalanie op\u0142at rocznych z tytu\u0142u u\u017cytkowania wieczystego, dzier\u017cawy, najmu i innych.<\/p>\n<p>[\/et_pb_text][\/et_pb_column][et_pb_column type=&#8221;1_3&#8243; _builder_version=&#8221;3.0.47&#8243; parallax=&#8221;off&#8221; parallax_method=&#8221;on&#8221;][et_pb_image src=&#8221;https:\/\/locus-wycena.pl\/wp-content\/uploads\/2024\/02\/N8A0236-www-scaled.jpg&#8221; _builder_version=&#8221;3.0.47&#8243; animation_style=&#8221;fade&#8221; animation_duration=&#8221;500ms&#8221; animation=&#8221;fade_in&#8221; sticky=&#8221;off&#8221;][\/et_pb_image][\/et_pb_column][\/et_pb_row][\/et_pb_section]<\/p>\n","protected":false},"excerpt":{"rendered":"<p>[et_pb_section fb_built=&#8221;1&#8243; admin_label=&#8221;section&#8221; _builder_version=&#8221;3.0.47&#8243; transparent_background=&#8221;off&#8221;][et_pb_row _builder_version=&#8221;3.0.47&#8243; background_size=&#8221;initial&#8221; background_position=&#8221;top_left&#8221; background_repeat=&#8221;repeat&#8221;][et_pb_column type=&#8221;4_4&#8243; _builder_version=&#8221;3.0.47&#8243; parallax=&#8221;off&#8221; parallax_method=&#8221;on&#8221;][\/et_pb_column][\/et_pb_row][et_pb_row admin_label=&#8221;row&#8221; _builder_version=&#8221;3.0.47&#8243; background_size=&#8221;initial&#8221; background_position=&#8221;top_left&#8221; background_repeat=&#8221;repeat&#8221;][et_pb_column type=&#8221;2_3&#8243; _builder_version=&#8221;3.0.47&#8243; parallax=&#8221;off&#8221; parallax_method=&#8221;on&#8221;][et_pb_text admin_label=&#8221;Tekst&#8221; _builder_version=&#8221;3.0.47&#8243; text_font_size=&#8221;16px&#8221; background_size=&#8221;initial&#8221; background_position=&#8221;top_left&#8221; background_repeat=&#8221;repeat&#8221; use_border_color=&#8221;off&#8221; border_style=&#8221;solid&#8221;] Wykszta\u0142cenie: Jestem absolwentem Wydzia\u0142u Prawa i Administracji Uniwersytetu im. A. Mickiewicza w Poznaniu. Uko\u0144czy\u0142em studia podyplomowe oraz praktyk\u0119 z zakresu wyceny nieruchomo\u015bci, a w 2014 [&hellip;]<\/p>\n","protected":false},"author":1,"featured_media":0,"parent":0,"menu_order":0,"comment_status":"closed","ping_status":"closed","template":"","meta":{"footnotes":""},"_links":{"self":[{"href":"https:\/\/locus-wycena.pl\/index.php\/wp-json\/wp\/v2\/pages\/80"}],"collection":[{"href":"https:\/\/locus-wycena.pl\/index.php\/wp-json\/wp\/v2\/pages"}],"about":[{"href":"https:\/\/locus-wycena.pl\/index.php\/wp-json\/wp\/v2\/types\/page"}],"author":[{"embeddable":true,"href":"https:\/\/locus-wycena.pl\/index.php\/wp-json\/wp\/v2\/users\/1"}],"replies":[{"embeddable":true,"href":"https:\/\/locus-wycena.pl\/index.php\/wp-json\/wp\/v2\/comments?post=80"}],"version-history":[{"count":4,"href":"https:\/\/locus-wycena.pl\/index.php\/wp-json\/wp\/v2\/pages\/80\/revisions"}],"predecessor-version":[{"id":254,"href":"https:\/\/locus-wycena.pl\/index.php\/wp-json\/wp\/v2\/pages\/80\/revisions\/254"}],"wp:attachment":[{"href":"https:\/\/locus-wycena.pl\/index.php\/wp-json\/wp\/v2\/media?parent=80"}],"curies":[{"name":"wp","href":"https:\/\/api.w.org\/{rel}","templated":true}]}}