{"id":73,"date":"2017-11-29T11:55:25","date_gmt":"2017-11-29T10:55:25","guid":{"rendered":"http:\/\/locus-wycena.pl\/?page_id=73"},"modified":"2024-10-29T14:45:25","modified_gmt":"2024-10-29T13:45:25","slug":"strona-startowa","status":"publish","type":"page","link":"https:\/\/locus-wycena.pl\/","title":{"rendered":"STRONA STARTOWA"},"content":{"rendered":"<p>[et_pb_section fb_built=&#8221;1&#8243; fullwidth=&#8221;on&#8221; _builder_version=&#8221;3.0.89&#8243; background_image=&#8221;https:\/\/locus-wycena.pl\/wp-content\/uploads\/2017\/11\/Fotolia_79862290_S.jpg&#8221; custom_padding=&#8221;0px|0px|0px|0px&#8221;][et_pb_fullwidth_slider show_arrows=&#8221;off&#8221; show_pagination=&#8221;off&#8221; _builder_version=&#8221;3.0.89&#8243; header_font=&#8221;||||||||&#8221; header_text_align=&#8221;center&#8221; header_font_size=&#8221;28px&#8221; body_font=&#8221;||||||||&#8221; body_text_align=&#8221;center&#8221; body_font_size=&#8221;16px&#8221; body_font_size_phone=&#8221;17px&#8221; body_font_size_last_edited=&#8221;on|phone&#8221; background_image=&#8221;https:\/\/locus-wycena.pl\/wp-content\/uploads\/2017\/11\/Fotolia_79862290_S-1.jpg&#8221; max_width_phone=&#8221;100%&#8221; max_width_last_edited=&#8221;on|phone&#8221; custom_margin=&#8221;|||&#8221; custom_padding=&#8221;|||&#8221; auto=&#8221;on&#8221; auto_speed=&#8221;3500&#8243; text_shadow_style=&#8221;preset1&#8243;][et_pb_slide use_bg_overlay=&#8221;off&#8221; use_text_overlay=&#8221;on&#8221; text_overlay_color=&#8221;rgba(255,255,255,0.49)&#8221; background_layout=&#8221;light&#8221; text_border_radius=&#8221;0px&#8221; _builder_version=&#8221;3.0.89&#8243; header_font=&#8221;||||||||&#8221; header_text_align=&#8221;center&#8221; header_font_size=&#8221;30px&#8221; body_font=&#8221;||||||||&#8221; body_text_align=&#8221;center&#8221; body_font_size=&#8221;34px&#8221; body_letter_spacing=&#8221;0px&#8221; body_line_height=&#8221;1.5em&#8221; body_line_height_last_edited=&#8221;on|phone&#8221; text_orientation=&#8221;center&#8221; custom_padding=&#8221;|||&#8221; custom_padding_phone=&#8221;|||&#8221; custom_padding_last_edited=&#8221;on|desktop&#8221; text_shadow_style=&#8221;preset1&#8243;]<\/p>\n<p style=\"text-align: center;\">\n<p style=\"text-align: center;\">WIARYGODNO\u015a\u0106<\/p>\n<p>[\/et_pb_slide][et_pb_slide use_bg_overlay=&#8221;off&#8221; use_text_overlay=&#8221;on&#8221; text_overlay_color=&#8221;rgba(255,255,255,0.49)&#8221; background_layout=&#8221;light&#8221; text_border_radius=&#8221;0px&#8221; _builder_version=&#8221;3.0.89&#8243; header_font=&#8221;||||||||&#8221; header_text_align=&#8221;center&#8221; header_font_size=&#8221;30px&#8221; body_font=&#8221;||||||||&#8221; body_text_align=&#8221;center&#8221; body_font_size=&#8221;34px&#8221; body_letter_spacing=&#8221;0px&#8221; body_line_height=&#8221;1.5em&#8221; body_line_height_last_edited=&#8221;on|phone&#8221; text_orientation=&#8221;center&#8221; custom_padding=&#8221;|||&#8221; custom_padding_phone=&#8221;|||&#8221; custom_padding_last_edited=&#8221;on|desktop&#8221; text_shadow_style=&#8221;preset1&#8243;]<\/p>\n<p style=\"text-align: center;\">\u00a0RZETELNO\u015a\u0106<\/p>\n<p>[\/et_pb_slide][et_pb_slide use_bg_overlay=&#8221;off&#8221; use_text_overlay=&#8221;on&#8221; text_overlay_color=&#8221;rgba(255,255,255,0.49)&#8221; background_layout=&#8221;light&#8221; text_border_radius=&#8221;0px&#8221; _builder_version=&#8221;3.0.89&#8243; header_font=&#8221;||||||||&#8221; header_text_align=&#8221;center&#8221; header_font_size=&#8221;30px&#8221; body_font=&#8221;||||||||&#8221; body_text_align=&#8221;center&#8221; body_font_size=&#8221;34px&#8221; body_letter_spacing=&#8221;0px&#8221; body_line_height=&#8221;1.5em&#8221; body_line_height_last_edited=&#8221;on|phone&#8221; text_orientation=&#8221;center&#8221; custom_padding=&#8221;|||&#8221; custom_padding_phone=&#8221;|||&#8221; custom_padding_last_edited=&#8221;on|desktop&#8221; text_shadow_style=&#8221;preset1&#8243;]<\/p>\n<p style=\"text-align: center;\">ODPOWIEDZIALNO\u015a\u0106<\/p>\n<p>[\/et_pb_slide][\/et_pb_fullwidth_slider][\/et_pb_section][et_pb_section fb_built=&#8221;1&#8243; admin_label=&#8221;Section&#8221; _builder_version=&#8221;3.0.89&#8243; custom_padding=&#8221;0px|0px|0px|0px&#8221; transparent_background=&#8221;off&#8221;][et_pb_row make_fullwidth=&#8221;on&#8221; custom_padding=&#8221;27px|0px|0px|0px&#8221; custom_margin=&#8221;||5%|&#8221; background_color=&#8221;#ffffff&#8221; parallax_method_1=&#8221;off&#8221; parallax_method_2=&#8221;off&#8221; parallax_method_3=&#8221;off&#8221; disabled_on=&#8221;on|on|&#8221; admin_label=&#8221;Row&#8221; _builder_version=&#8221;3.0.89&#8243; background_size=&#8221;initial&#8221; background_position=&#8221;top_left&#8221; background_repeat=&#8221;repeat&#8221;][et_pb_column type=&#8221;4_4&#8243; _builder_version=&#8221;3.0.47&#8243; parallax=&#8221;off&#8221; parallax_method=&#8221;off&#8221;][et_pb_cta background_color=&#8221;#ffffff&#8221; background_layout=&#8221;light&#8221; admin_label=&#8221;Call To Action&#8221; _builder_version=&#8221;3.0.89&#8243; header_font=&#8221;Montserrat||||&#8221; header_font_size=&#8221;24px&#8221; header_text_color=&#8221;#000000&#8243; body_font=&#8221;Montserrat||||&#8221; body_font_size=&#8221;18px&#8221; body_text_color=&#8221;#000000&#8243; background_size=&#8221;initial&#8221; background_position=&#8221;top_left&#8221; background_repeat=&#8221;repeat&#8221; custom_margin=&#8221;-150px|||&#8221; custom_margin_tablet=&#8221;0px|||&#8221; custom_margin_last_edited=&#8221;on|desktop&#8221; custom_padding=&#8221;3.5vw|3.5vw|3.5vw|3.5vw&#8221; custom_padding_tablet=&#8221;6vw|6vw|5vw|6vw&#8221; custom_padding_phone=&#8221;8vw|8vw|7vw|8vw&#8221; custom_padding_last_edited=&#8221;on|phone&#8221; custom_css_main_element=&#8221;line-height: 120% !important;||letter-spacing: -0.05em !important;||padding-bottom:20px !important;||||-webkit-transition: all 600ms cubic-bezier(0.170, 0.690, 0.470, 0.995); || -moz-transition: all 600ms cubic-bezier(0.170, 0.690, 0.470, 0.995); || -o-transition: all 600ms cubic-bezier(0.170, 0.690, 0.470, 0.995); || transition: all 600ms cubic-bezier(0.170, 0.690, 0.470, 0.995); || box-shadow: 0 20px 100px rgba(12,113,195,0.3);&#8221; use_border_color=&#8221;off&#8221; border_color=&#8221;#ffffff&#8221; border_width=&#8221;1px&#8221; border_style=&#8221;solid&#8221; saved_tabs=&#8221;all&#8221;]<\/p>\n<p style=\"text-align: justify;\">\n<p style=\"text-align: justify;\">Serdecznie zapraszam Pa\u0144stwa do skorzystania z us\u0142ug\u00a0 w zakresie wyceny nieruchomo\u015bci. Dysponuj\u0119 kompetencjami i \u015brodkami do sprawnego i rzetelnego wykonywania wycen i innych opinii dotycz\u0105cych nieruchomo\u015bci. Dzia\u0142am w szczeg\u00f3lno\u015bci na terenie powiatu nakielskiego, w kt\u00f3rym mieszkam, a tak\u017ce na terenie powiat\u00f3w: bydgoskiego i \u017cni\u0144skiego.<\/p>\n<p style=\"text-align: justify;\">Moim priorytetem jest oferowanie us\u0142ug na wysokim poziomie i za rozs\u0105dn\u0105 cen\u0119. Nie powielam schemat\u00f3w i nie kreuj\u0119 warto\u015bci na zam\u00f3wienie, a do ka\u017cdej wyceny podchodz\u0119 w spos\u00f3b indywidualny. Mam na uwadze przede wszystkim cel, jakim jest trafne oszacowanie warto\u015bci nieruchomo\u015bci, oraz odpowiedzialno\u015b\u0107 za maj\u0105tek Klienta!<\/p>\n<p style=\"text-align: left;\">\u00a0\u00a0\u00a0\u00a0\u00a0\u00a0\u00a0\u00a0\u00a0\u00a0 Z wyrazami szacunku,<\/p>\n<p><strong>Piotr Wendland<\/strong><\/p>\n<p><strong>\u00a0\u00a0\u00a0\u00a0\u00a0\u00a0\u00a0\u00a0\u00a0\u00a0\u00a0\u00a0\u00a0\u00a0\u00a0 \u00a0 \u00a0 \u00a0 \u00a0 \u00a0 \u00a0\u00a0 \u00a0\u00a0\u00a0\u00a0\u00a0\u00a0\u00a0\u00a0\u00a0\u00a0\u00a0\u00a0\u00a0\u00a0\u00a0\u00a0\u00a0\u00a0\u00a0\u00a0\u00a0\u00a0\u00a0\u00a0\u00a0\u00a0\u00a0 rzeczoznawca maj\u0105tkowy nr uprawnie\u0144 6133<\/strong><\/p>\n<p>[\/et_pb_cta][\/et_pb_column][\/et_pb_row][\/et_pb_section][et_pb_section fb_built=&#8221;1&#8243; admin_label=&#8221;Section&#8221; _builder_version=&#8221;3.0.47&#8243; background_image=&#8221;https:\/\/locus-wycena.pl\/wp-content\/uploads\/2017\/11\/Fotolia_76967908_S.jpg&#8221; custom_css_main_element=&#8221;-webkit-clip-path: polygon(55% 9%, 71% 8%, 86% 5%, 100% 0, 100% 100%, 0 100%, 0 0, 13% 4%, 25% 7%, 39% 9%);||clip-path: polygon(55% 9%, 71% 8%, 86% 5%, 100% 0, 100% 100%, 0 100%, 0 0, 13% 4%, 25% 7%, 39% 9%);&#8221; transparent_background=&#8221;off&#8221;][et_pb_row use_custom_width=&#8221;on&#8221; width_unit=&#8221;off&#8221; custom_width_percent=&#8221;73%&#8221; custom_padding=&#8221;2%||2%|&#8221; custom_padding_tablet=&#8221;2%|2%|2%|2%&#8221; custom_margin=&#8221;10%||5%|&#8221; background_color=&#8221;#ffffff&#8221; parallax_method_1=&#8221;off&#8221; parallax_method_2=&#8221;off&#8221; admin_label=&#8221;Row&#8221; custom_padding_last_edited=&#8221;on|phone&#8221; _builder_version=&#8221;3.0.47&#8243; background_size=&#8221;initial&#8221; background_position=&#8221;top_left&#8221; background_repeat=&#8221;repeat&#8221; custom_margin_last_edited=&#8221;off|desktop&#8221;][et_pb_column type=&#8221;2_3&#8243; _builder_version=&#8221;3.0.47&#8243; parallax=&#8221;off&#8221; parallax_method=&#8221;off&#8221;][et_pb_text admin_label=&#8221;Text&#8221; _builder_version=&#8221;3.0.47&#8243; text_font=&#8221;Montserrat||||&#8221; text_font_size=&#8221;17px&#8221; text_text_color=&#8221;#000000&#8243; background_size=&#8221;initial&#8221; background_position=&#8221;top_left&#8221; background_repeat=&#8221;repeat&#8221; text_orientation=&#8221;center&#8221; module_alignment=&#8221;center&#8221; custom_margin=&#8221;50px|||10px&#8221; use_border_color=&#8221;off&#8221; border_style=&#8221;solid&#8221;]Jestem cz\u0142onkiem Stowarzyszenia Rzeczoznawc\u00f3w Maj\u0105tkowych w Bydgoszczy nale\u017c\u0105cego do Polskiej Federacji Stowarzysze\u0144 Rzeczoznawc\u00f3w Maj\u0105tkowych.[\/et_pb_text][\/et_pb_column][et_pb_column type=&#8221;1_3&#8243; _builder_version=&#8221;3.0.47&#8243; parallax=&#8221;off&#8221; parallax_method=&#8221;off&#8221;][et_pb_image src=&#8221;https:\/\/locus-wycena.pl\/wp-content\/uploads\/2017\/11\/logof.jpg&#8221; _builder_version=&#8221;3.0.47&#8243; animation_style=&#8221;slide&#8221; animation_direction=&#8221;left&#8221; animation_duration=&#8221;500ms&#8221; animation_intensity_slide=&#8221;10%&#8221; use_border_color=&#8221;off&#8221; border_color=&#8221;#ffffff&#8221; border_width=&#8221;1px&#8221; border_style=&#8221;solid&#8221; sticky=&#8221;off&#8221;][\/et_pb_image][\/et_pb_column][\/et_pb_row][\/et_pb_section][et_pb_section fb_built=&#8221;1&#8243; background_color=&#8221;#001b44&#8243; specialty=&#8221;on&#8221; parallax_1=&#8221;off&#8221; parallax_2=&#8221;off&#8221; parallax_method_1=&#8221;off&#8221; parallax_method_2=&#8221;off&#8221; admin_label=&#8221;Section&#8221; custom_padding_last_edited=&#8221;on|desktop&#8221; _builder_version=&#8221;3.0.47&#8243; custom_padding_tablet=&#8221;50px|0|50px|0&#8243; transparent_background=&#8221;off&#8221; padding_mobile=&#8221;off&#8221; collapsed=&#8221;off&#8221;][et_pb_column type=&#8221;1_3&#8243; _builder_version=&#8221;3.0.47&#8243; parallax=&#8221;off&#8221; parallax_method=&#8221;off&#8221;][et_pb_image src=&#8221;https:\/\/locus-wycena.pl\/wp-content\/uploads\/2017\/11\/LOGO-DO-MENU.png&#8221; _builder_version=&#8221;3.0.47&#8243; animation_style=&#8221;slide&#8221; animation_direction=&#8221;left&#8221; animation_duration=&#8221;500ms&#8221; animation_intensity_slide=&#8221;10%&#8221; use_border_color=&#8221;off&#8221; border_color=&#8221;#ffffff&#8221; border_width=&#8221;1px&#8221; border_style=&#8221;solid&#8221; sticky=&#8221;off&#8221;][\/et_pb_image][\/et_pb_column][et_pb_column type=&#8221;2_3&#8243; specialty_columns=&#8221;2&#8243; _builder_version=&#8221;3.0.47&#8243; parallax=&#8221;off&#8221; parallax_method=&#8221;off&#8221;][et_pb_row_inner custom_padding=&#8221;||0px|&#8221; custom_padding_tablet=&#8221;||10px|&#8221; padding_mobile=&#8221;on&#8221; column_padding_mobile=&#8221;on&#8221; parallax_method_1=&#8221;off&#8221; admin_label=&#8221;Row&#8221; custom_padding_last_edited=&#8221;on|desktop&#8221; _builder_version=&#8221;3.0.47&#8243;][et_pb_column_inner type=&#8221;4_4&#8243; saved_specialty_column_type=&#8221;2_3&#8243; _builder_version=&#8221;3.0.47&#8243; box_shadow_position=&#8221;outer&#8221; column_padding_mobile=&#8221;on&#8221; parallax=&#8221;off&#8221; parallax_method=&#8221;off&#8221;][et_pb_text background_layout=&#8221;dark&#8221; admin_label=&#8221;Text&#8221; _builder_version=&#8221;3.0.47&#8243; text_font=&#8221;Montserrat|on||on|&#8221; text_font_size=&#8221;20&#8243; text_text_color=&#8221;#ffffff&#8221; text_letter_spacing=&#8221;2px&#8221; background_size=&#8221;initial&#8221; background_position=&#8221;top_left&#8221; background_repeat=&#8221;repeat&#8221; use_border_color=&#8221;off&#8221; border_style=&#8221;solid&#8221;] KONTAKT:[\/et_pb_text][\/et_pb_column_inner][\/et_pb_row_inner][et_pb_row_inner padding_mobile=&#8221;off&#8221; column_padding_mobile=&#8221;on&#8221; parallax_method_1=&#8221;off&#8221; parallax_method_2=&#8221;off&#8221; admin_label=&#8221;Row&#8221; _builder_version=&#8221;3.0.47&#8243;][et_pb_column_inner type=&#8221;1_2&#8243; saved_specialty_column_type=&#8221;2_3&#8243; _builder_version=&#8221;3.0.47&#8243; box_shadow_position=&#8221;outer&#8221; column_padding_mobile=&#8221;on&#8221; parallax=&#8221;off&#8221; parallax_method=&#8221;off&#8221;][et_pb_blurb url=&#8221;#&#8221; use_icon=&#8221;on&#8221; font_icon=&#8221;%%122%%&#8221; icon_color=&#8221;#ffffff&#8221; icon_placement=&#8221;left&#8221; background_layout=&#8221;dark&#8221; use_icon_font_size=&#8221;on&#8221; icon_font_size=&#8221;18&#8243; admin_label=&#8221;Blurb&#8221; _builder_version=&#8221;3.0.47&#8243; header_font=&#8221;Montserrat||||&#8221; body_font=&#8221;Montserrat||||&#8221; body_font_size=&#8221;16&#8243; body_text_color=&#8221;#ffffff&#8221; body_line_height=&#8221;1.5em&#8221; background_size=&#8221;initial&#8221; background_position=&#8221;top_left&#8221; background_repeat=&#8221;repeat&#8221; use_border_color=&#8221;off&#8221; border_color=&#8221;#ffffff&#8221; border_width=&#8221;1px&#8221; border_style=&#8221;solid&#8221;]<\/p>\n<p>Piotr Wendland<\/p>\n<p>Gen. J. D\u0105browskiego 2\/21<\/p>\n<p>89-200 Szubin<\/p>\n<p>[\/et_pb_blurb][\/et_pb_column_inner][et_pb_column_inner type=&#8221;1_2&#8243; saved_specialty_column_type=&#8221;2_3&#8243; _builder_version=&#8221;3.0.47&#8243; box_shadow_position=&#8221;outer&#8221; column_padding_mobile=&#8221;on&#8221; parallax=&#8221;off&#8221; parallax_method=&#8221;off&#8221;][et_pb_blurb url=&#8221;#&#8221; use_icon=&#8221;on&#8221; font_icon=&#8221;%%109%%&#8221; icon_color=&#8221;#ffffff&#8221; icon_placement=&#8221;left&#8221; background_layout=&#8221;dark&#8221; use_icon_font_size=&#8221;on&#8221; icon_font_size=&#8221;20&#8243; admin_label=&#8221;Blurb&#8221; _builder_version=&#8221;3.0.89&#8243; header_font=&#8221;Montserrat||||&#8221; body_font=&#8221;Montserrat||||&#8221; body_font_size=&#8221;16&#8243; body_text_color=&#8221;#ffffff&#8221; body_line_height=&#8221;1.5em&#8221; background_size=&#8221;initial&#8221; background_position=&#8221;top_left&#8221; background_repeat=&#8221;repeat&#8221; custom_margin=&#8221;||0px|&#8221; custom_padding=&#8221;||15px|&#8221; use_border_color=&#8221;off&#8221; border_color=&#8221;#ffffff&#8221; border_width=&#8221;1px&#8221; border_style=&#8221;solid&#8221;] &#107;&#x6f;n&#116;&#x61;k&#116;&#x40;l&#111;&#x63;u&#115;&#x2d;w&#121;&#x63;e&#110;&#x61;&#46;&#112;&#x6c;[\/et_pb_blurb][et_pb_blurb url=&#8221;#&#8221; use_icon=&#8221;on&#8221; font_icon=&#8221;%%104%%&#8221; icon_color=&#8221;#ffffff&#8221; icon_placement=&#8221;left&#8221; background_layout=&#8221;dark&#8221; use_icon_font_size=&#8221;on&#8221; icon_font_size=&#8221;20&#8243; admin_label=&#8221;Blurb&#8221; _builder_version=&#8221;3.0.47&#8243; body_font=&#8221;Open Sans||||&#8221; body_font_size=&#8221;16&#8243; body_text_color=&#8221;#ffffff&#8221; body_line_height=&#8221;1.5em&#8221; background_size=&#8221;initial&#8221; background_position=&#8221;top_left&#8221; background_repeat=&#8221;repeat&#8221; use_border_color=&#8221;off&#8221; border_color=&#8221;#ffffff&#8221; border_width=&#8221;1px&#8221; border_style=&#8221;solid&#8221;] 509 014 294[\/et_pb_blurb][et_pb_image src=&#8221;%22\/\/imgx.firmy.net\/firmaPrzyjaznaInternautom.img?SZ18M%22&#8243; alt=&#8221;%22LOCUS&#8221; url=&#8221;http:\/\/www.firmy.net\/wycena-nieruchomosci\/locus-piotr-wendland,SZ18M.html&#8221; url_new_window=&#8221;on&#8221; _builder_version=&#8221;3.0.89&#8243;][\/et_pb_image][\/et_pb_column_inner][\/et_pb_row_inner][\/et_pb_column][\/et_pb_section]<\/p>\n","protected":false},"excerpt":{"rendered":"<p>[et_pb_section fb_built=&#8221;1&#8243; fullwidth=&#8221;on&#8221; _builder_version=&#8221;3.0.89&#8243; background_image=&#8221;https:\/\/locus-wycena.pl\/wp-content\/uploads\/2017\/11\/Fotolia_79862290_S.jpg&#8221; custom_padding=&#8221;0px|0px|0px|0px&#8221;][et_pb_fullwidth_slider show_arrows=&#8221;off&#8221; show_pagination=&#8221;off&#8221; _builder_version=&#8221;3.0.89&#8243; header_font=&#8221;||||||||&#8221; header_text_align=&#8221;center&#8221; header_font_size=&#8221;28px&#8221; body_font=&#8221;||||||||&#8221; body_text_align=&#8221;center&#8221; body_font_size=&#8221;16px&#8221; body_font_size_phone=&#8221;17px&#8221; body_font_size_last_edited=&#8221;on|phone&#8221; background_image=&#8221;https:\/\/locus-wycena.pl\/wp-content\/uploads\/2017\/11\/Fotolia_79862290_S-1.jpg&#8221; max_width_phone=&#8221;100%&#8221; max_width_last_edited=&#8221;on|phone&#8221; custom_margin=&#8221;|||&#8221; custom_padding=&#8221;|||&#8221; auto=&#8221;on&#8221; auto_speed=&#8221;3500&#8243; text_shadow_style=&#8221;preset1&#8243;][et_pb_slide use_bg_overlay=&#8221;off&#8221; use_text_overlay=&#8221;on&#8221; text_overlay_color=&#8221;rgba(255,255,255,0.49)&#8221; background_layout=&#8221;light&#8221; text_border_radius=&#8221;0px&#8221; _builder_version=&#8221;3.0.89&#8243; header_font=&#8221;||||||||&#8221; header_text_align=&#8221;center&#8221; header_font_size=&#8221;30px&#8221; body_font=&#8221;||||||||&#8221; body_text_align=&#8221;center&#8221; body_font_size=&#8221;34px&#8221; body_letter_spacing=&#8221;0px&#8221; body_line_height=&#8221;1.5em&#8221; body_line_height_last_edited=&#8221;on|phone&#8221; text_orientation=&#8221;center&#8221; custom_padding=&#8221;|||&#8221; custom_padding_phone=&#8221;|||&#8221; custom_padding_last_edited=&#8221;on|desktop&#8221; text_shadow_style=&#8221;preset1&#8243;] WIARYGODNO\u015a\u0106 [\/et_pb_slide][et_pb_slide use_bg_overlay=&#8221;off&#8221; use_text_overlay=&#8221;on&#8221; text_overlay_color=&#8221;rgba(255,255,255,0.49)&#8221; background_layout=&#8221;light&#8221; text_border_radius=&#8221;0px&#8221; _builder_version=&#8221;3.0.89&#8243; header_font=&#8221;||||||||&#8221; header_text_align=&#8221;center&#8221; [&hellip;]<\/p>\n","protected":false},"author":1,"featured_media":0,"parent":0,"menu_order":0,"comment_status":"closed","ping_status":"closed","template":"","meta":{"footnotes":""},"_links":{"self":[{"href":"https:\/\/locus-wycena.pl\/index.php\/wp-json\/wp\/v2\/pages\/73"}],"collection":[{"href":"https:\/\/locus-wycena.pl\/index.php\/wp-json\/wp\/v2\/pages"}],"about":[{"href":"https:\/\/locus-wycena.pl\/index.php\/wp-json\/wp\/v2\/types\/page"}],"author":[{"embeddable":true,"href":"https:\/\/locus-wycena.pl\/index.php\/wp-json\/wp\/v2\/users\/1"}],"replies":[{"embeddable":true,"href":"https:\/\/locus-wycena.pl\/index.php\/wp-json\/wp\/v2\/comments?post=73"}],"version-history":[{"count":34,"href":"https:\/\/locus-wycena.pl\/index.php\/wp-json\/wp\/v2\/pages\/73\/revisions"}],"predecessor-version":[{"id":255,"href":"https:\/\/locus-wycena.pl\/index.php\/wp-json\/wp\/v2\/pages\/73\/revisions\/255"}],"wp:attachment":[{"href":"https:\/\/locus-wycena.pl\/index.php\/wp-json\/wp\/v2\/media?parent=73"}],"curies":[{"name":"wp","href":"https:\/\/api.w.org\/{rel}","templated":true}]}}